{"id":298,"date":"2023-06-29T20:45:02","date_gmt":"2023-06-29T20:45:02","guid":{"rendered":"https:\/\/council.nyc.gov\/crystal-hudson\/?page_id=298"},"modified":"2024-02-20T19:10:57","modified_gmt":"2024-02-20T19:10:57","slug":"youth","status":"publish","type":"page","link":"https:\/\/council.nyc.gov\/crystal-hudson\/youth\/","title":{"rendered":"Summer Youth Series"},"content":{"rendered":"<p class=\"has-text-align-center\"><strong><em><span style=\"text-decoration: underline\">Our 2023 Summer Youth Series has ended. Check back here next year for our 2024 events!<\/span><\/em><\/strong><\/p>\n<p>Last summer, the Office of Council Member Hudson launched our inaugural Summer Youth Series for young people across District 35. With the closure of the Madison Square Boys and Girls Club Navy Yard Club House, we teamed up with organizations and institutions across the District to host diverse youth programming every Friday throughout the summer. Some examples of the types of events we had included: movie nights, skateboard clinics, painting workshops, museum tours, and dance classes. <\/p>\n<hr class=\"wp-block-separator has-alpha-channel-opacity\" \/>\n<figure class=\"wp-block-image size-large\"><img loading=\"lazy\" decoding=\"async\" width=\"1024\" height=\"1024\" src=\"https:\/\/council.nyc.gov\/crystal-hudson\/wp-content\/uploads\/sites\/117\/2023\/06\/1-1024x1024.png\" alt=\"\" class=\"wp-image-299\" srcset=\"https:\/\/council.nyc.gov\/crystal-hudson\/wp-content\/uploads\/sites\/117\/2023\/06\/1-1024x1024.png 1024w, https:\/\/council.nyc.gov\/crystal-hudson\/wp-content\/uploads\/sites\/117\/2023\/06\/1-700x700.png 700w, https:\/\/council.nyc.gov\/crystal-hudson\/wp-content\/uploads\/sites\/117\/2023\/06\/1-150x150.png 150w, https:\/\/council.nyc.gov\/crystal-hudson\/wp-content\/uploads\/sites\/117\/2023\/06\/1-768x768.png 768w, https:\/\/council.nyc.gov\/crystal-hudson\/wp-content\/uploads\/sites\/117\/2023\/06\/1-400x400.png 400w, https:\/\/council.nyc.gov\/crystal-hudson\/wp-content\/uploads\/sites\/117\/2023\/06\/1.png 1080w\" sizes=\"auto, (max-width: 1024px) 100vw, 1024px\" \/><\/figure>\n<hr class=\"wp-block-separator has-alpha-channel-opacity\" \/>\n<h2 class=\"wp-block-heading\" id=\"list\">Upcoming Events<\/h2>\n<p>TBD<\/p>\n<hr class=\"wp-block-separator has-alpha-channel-opacity is-style-dots\" \/>\n<h2 class=\"wp-block-heading\">Previous Events<\/h2>\n<p><strong>Kick-Off Party at Roller Wave NYC<\/strong><\/p>\n<p><em>Friday, June 29, 3-7pm<\/em>; <em>The Roller Wave (625 Atlantic Ave)<\/em><\/p>\n<p><em>RSVP<\/em>: <a href=\"https:\/\/www.eventbrite.com\/e\/council-member-crystal-hudsons-youth-summer-series-tickets-661429693017\" target=\"_blank\" rel=\"noreferrer noopener\">https:\/\/www.eventbrite.com\/e\/council-member-crystal-hudsons-youth-summer-series-tickets-661429693017 <\/a><\/p>\n<p>Together with Roller Wave and CEC 13 we\u2019re inviting our young neighbors to join us on Friday, June 30<sup>th<\/sup>, from 3pm-7pm for a <strong>FREE<\/strong> roller skating party at Roller Wave (625 Atlantic Ave). There will be music, food, and games! <\/p>\n<hr class=\"wp-block-separator has-alpha-channel-opacity\" \/>\n<p><strong>Rooftop Films &#8211; &#8220;The League&#8221;<\/strong><\/p>\n<p><em>Friday, July 7, 7:30-11pm; Commodore Barry Park<\/em><\/p>\n<p>RSVP: <a href=\"https:\/\/www.eventbrite.com\/e\/the-league-tickets-646422084857?aff=website\" target=\"_blank\" rel=\"noreferrer noopener\">https:\/\/www.eventbrite.com\/e\/the-league-tickets-646422084857<\/a><\/p>\n<p>Directed by acclaimed filmmaker Sam Pollard (<em>MLK\/FBI<\/em>), executive produced by Ahmir \u201cQuestlove\u201d Thompson (Oscar-winning&nbsp;<em>Summer of Soul<\/em>), Tariq Trotter (<em>Descendant<\/em>), and produced by RadicalMedia,&nbsp;<em>The League<\/em>&nbsp;celebrates the dynamic journey of Negro League baseball&#8217;s triumphs and challenges through the first half of the twentieth century. The story is told through previously unearthed archival footage and never-before-seen interviews with legendary players like Satchel Paige and Buck O\u2019Neil \u2013 whose early careers paved the way for the Jackie Robinson era \u2013 as well as celebrated Hall of Famers Willie Mays and Hank Aaron who started out in the Negro Leagues. From entrepreneurial titans Cumberland Posey and Gus Greenlee, whose intense rivalry fueled the rise of two of the best baseball teams ever to play the game, to Effa Manley, the activist owner of the Newark Eagles and the only woman ever admitted to the National Baseball Hall of Fame,&nbsp;<em>The League<\/em>&nbsp;explores Black baseball as an economic and social pillar of Black communities and a stage for some of the greatest athletes to ever play the game, while also examining the unintended consequences of integration. Courtesy of Magnolia Pictures.<\/p>\n<hr class=\"wp-block-separator has-alpha-channel-opacity\" \/>\n<p><strong>Abstract Painting Workshop with Amani Heywood<\/strong><\/p>\n<p><em>Friday, July 14, 2-3:30pm; Pratt Institute (200 Willoughby Avenue)<\/em><\/p>\n<p>RSVP: <a href=\"https:\/\/www.eventbrite.com\/e\/abstract-painting-workshop-with-amani-heywood-a-summer-youth-series-event-tickets-673102125577?aff=oddtdtcreator\" target=\"_blank\" rel=\"noreferrer noopener\">https:\/\/www.eventbrite.com\/e\/abstract-painting-workshop-with-amani-heywood-a-summer-youth-series-event-tickets-673102125577<\/a><\/p>\n<p>Amani Heywood&nbsp;is a Bronx-born Trinidadian abstract expressionist whose large-scale vibrant projects reflect his passion for philosophy, architecture, and fashion. Heywood&#8217;s art unveils a blend of serenity and chaos, creating a space that inspires curiosity. Heywood\u2019s intention is to invoke feelings of a meditative experience, sensations of transportation, and wandering through portal-like spaces.&nbsp;<strong>In this Abstract Painting 101, Amani Heywood will inspire our young neighbors to navigate the beauty of art and expression, unleashing their creative prowess.<\/strong><\/p>\n<ul class=\"wp-block-list\">\n<li><strong>To attend, participants must be registered.<\/strong><\/li>\n<li><strong>This event is appropriate for children ages 10+<\/strong>.<\/li>\n<\/ul>\n<hr class=\"wp-block-separator has-alpha-channel-opacity\" \/>\n<p><strong>Rooftop Films &#8211; &#8220;Stephen Curry: Underrated&#8221;<\/strong><\/p>\n<p><em>Friday, July 21, 7-11pm; Jackie Robinson Playground<\/em><\/p>\n<p>RSVP: <a href=\"https:\/\/www.eventbrite.com\/e\/stephen-curry-underrated-tickets-657725433477?\" target=\"_blank\" rel=\"noreferrer noopener\">https:\/\/www.eventbrite.com\/e\/stephen-curry-underrated-tickets-657725433477<\/a><\/p>\n<p>The remarkable coming-of-age story of one of the most influential, dynamic and unexpected players in the history of basketball: Stephen Curry. This feature documentary \u2014 blending intimate cin\u00e9ma v\u00e9rit\u00e9, archival footage and on camera interviews \u2014 documents Curry\u2019s rise from an undersized college player at a small town Division I college to a four-time NBA champion, building one of the most dominant sports dynasties in the world. Courtesy of Apple Original Films.<\/p>\n<hr class=\"wp-block-separator has-alpha-channel-opacity\" \/>\n<p><strong>Brooklyn Museum: Africa Fashion Exhibit &#8211; Exclusive Tour<\/strong><\/p>\n<p><em>Friday, August 4, 1-2pm; Brooklyn Museum<\/em> <em>(200 Eastern Parkway)<\/em><\/p>\n<p>RSVP: <a href=\"https:\/\/www.eventbrite.com\/e\/brooklyn-museum-africa-fashion-exhibit-tour-a-summer-youth-series-event-tickets-673151834257\" target=\"_blank\" rel=\"noreferrer noopener\">https:\/\/www.eventbrite.com\/e\/brooklyn-museum-africa-fashion-exhibit-tour-a-summer-youth-series-event-tickets-673151834257<\/a><\/p>\n<p>The Brooklyn Museum is hosting an Exclusive Tour of their&nbsp;<a rel=\"noreferrer noopener\" href=\"https:\/\/www.brooklynmuseum.org\/exhibitions\/africa_fashion\" target=\"_blank\">Africa Fashion Exhibit<\/a>.&nbsp;Africa Fashion is dedicated to celebrating the timeless originality and global influence of African fashion spanning from the 1950s to the present day. There are over 180 exquisite works, the largest ever presentation, which includes works by iconic designers and artists such as Kofi Ansah from Ghana and Shade Thomas-Fahm from Nigeria. These visionary works illuminate fashion\u2019s pivotal role in Africa\u2019s cultural renaissance, which laid the foundation for an ongoing fashion revolution.&nbsp;<strong>All participants must be registered.<\/strong><\/p>\n<p><strong>Please note the following:<\/strong><\/p>\n<ul class=\"wp-block-list\">\n<li><strong>Photo Consent Form:<\/strong>&nbsp;If you are participating in the guided visit, participants will be asked to sign the Brooklyn Museum Photo Consent Form, which will be sent to registrants via email.<\/li>\n<li><strong>Bags and Belongings:&nbsp;<\/strong>There are no backpacks, large bags, food, drink, selfie-sticks or camera tripods allowed in the galleries.<\/li>\n<li><strong>Arrival Time:<\/strong>&nbsp;The tour will begin promptly at 2pm. Please plan to arrive by 1:45pm to ensure participation<\/li>\n<li><strong>This event is appropriate for ages 13-18.<\/strong><\/li>\n<\/ul>\n<hr class=\"wp-block-separator has-alpha-channel-opacity\" \/>\n<p><strong>People, Tools &amp; Design Tour<\/strong> <strong>@ BK Navy Yard<\/strong><\/p>\n<p><em>Friday, August 11; 10am-12:30pm; Brooklyn Navy Yard: Building 92 (63 Flushing Ave)<\/em><\/p>\n<p>RSVP: <a href=\"https:\/\/www.eventbrite.com\/e\/people-tools-design-tour-bk-navy-yard-a-summer-youth-series-event-tickets-673169136007\" target=\"_blank\" rel=\"noreferrer noopener\">https:\/\/www.eventbrite.com\/e\/people-tools-design-tour-bk-navy-yard-a-summer-youth-series-event-tickets-673169136007<\/a><\/p>\n<p>The Brooklyn Navy Yard is hosting a&nbsp;<em>Rethink &amp; Reimagine Tour &amp; Workshop<\/em>. Participants will visit Brooklyn Navy Yard\u2019s&nbsp;Building 92&nbsp;for a tour and hands-on activities. The event will teach participants about adaptive reuse, Building 92\u2019s sustainable features, and include a step inside the Yard\u2019s historical exhibition. Participants will learn about shipbuilding as well get a behind-the-scenes- look at the innovation taking place at The Navy Yard. To culminate the experience, students will participate in a hands-on activity centered around sustainability. Lunch will be provided to participants.&nbsp;<strong>All participants must be registered.<\/strong><\/p>\n<ul class=\"wp-block-list\">\n<li><strong>Arrival Time:&nbsp;<\/strong>The tour will begin promptly at 10 am. Please plan to arrive by 9:45am to ensure participation<\/li>\n<li><strong>This event is appropriate for ages 11-14.<\/strong><\/li>\n<\/ul>\n<hr class=\"wp-block-separator has-alpha-channel-opacity\" \/>\n<p><strong>Tour &amp; Media Class at BRIC<\/strong><\/p>\n<p><em>Friday, August 11; 1-3pm<\/em>; <em>BRIC<\/em>&#8216;<em>s Art Organization Center (647 Fulton St)<\/em><\/p>\n<p>RSVP: <a href=\"https:\/\/www.eventbrite.com\/e\/tour-media-class-bric-a-summer-youth-series-event-tickets-673197741567\" target=\"_blank\" rel=\"noreferrer noopener\">https:\/\/www.eventbrite.com\/e\/tour-media-class-bric-a-summer-youth-series-event-tickets-673197741567<\/a><\/p>\n<p>BRIC&nbsp;is an interdisciplinary art center that has shaped Brooklyn&#8217;s cultural and media landscape by presenting and incubating artists, creators, students, and media makers.&nbsp;<strong>In partnership with our Office, they will be hosting a Tour &amp; Media Class for our young neighbors looking to learn about the ins and outs of media production.&nbsp;<\/strong>There event will consist of a behind-the-scenes tour of BRIC&#8217;s cutting edge facilities and conclude with an interactive media production class!<\/p>\n<ul class=\"wp-block-list\">\n<li><strong>To attend, participants must be registered.<\/strong><\/li>\n<li><strong>This event is appropriate for children ages 13-18.<\/strong><\/li>\n<\/ul>\n<hr class=\"wp-block-separator has-alpha-channel-opacity\" \/>\n<p><strong>Bird Watching Tour at Brooklyn Botanic Garden<\/strong><\/p>\n<p><em>Friday, August 18; 2pm; Brooklyn Botanic Garden (990 Washington Avenue)<\/em><\/p>\n<p><em>RSVP: <a href=\"https:\/\/www.eventbrite.com\/e\/guided-bird-walk-at-brooklyn-botanic-garden-a-summer-youth-series-event-tickets-694896302547\">https:\/\/www.eventbrite.com\/e\/guided-bird-walk-at-brooklyn-botanic-garden-a-summer-youth-series-event-tickets-694896302547<\/a><\/em> <\/p>\n<p>We\u2019re teaming up with Brooklyn Botanic Garden (BBG) and one of our community\u2019s young neighbors, John Dean, to host an exclusive bird-watching tour throughout BBG\u2019s gardens.<\/p>\n<p>Local birdwatcher John Dean will guide this bird walk through Brooklyn Botanic Garden\u2019s renowned landscapes, helping participants track bird calls while explaining our avian neighbors\u2019 fascinating behaviors. Equipment for bird-watching will be provided.<\/p>\n<p>The tour will meet on the Plaza in front of BBG&#8217;s Visitor Center Entrance located at 990 Washington Avenue.<\/p>\n<ul class=\"wp-block-list\">\n<li><strong>Arrival Time:&nbsp;<\/strong>The tour will begin promptly at 2pm. Please plan to arrive by 1:45pm to ensure participation.<\/li>\n<li><strong>This event is intended EXCLUSIVELY for youth between the ages of 9-18.<\/strong><\/li>\n<li><strong>Participants under 18 must be accompanied by a chaperone.<\/strong><\/li>\n<\/ul>\n<p>This exclusive bird walk through the Brooklyn Botanic Gardens is part of Council Member Crystal Hudson&#8217;s Summer Youth Series.<\/p>\n<hr class=\"wp-block-separator has-alpha-channel-opacity\" \/>\n<p><strong>Hip-Hop Dance with Brooklyn Music School<\/strong><\/p>\n<p><em>Friday, August 25; 3-4:30pm; Brooklyn Music School (126 Saint Felix Street)<\/em><\/p>\n<p>RSVP: <a href=\"https:\/\/www.eventbrite.com\/e\/hip-hop-dance-with-brooklyn-music-school-a-summer-youth-series-event-tickets-686660499037\">https:\/\/www.eventbrite.com\/e\/hip-hop-dance-with-brooklyn-music-school-a-summer-youth-series-event-tickets-686660499037<\/a><\/p>\n<p>Join Brooklyn Music School for an open-level dance workshop celebrating 50 years of hip hop! Participants will warm up, play movement games, and learn some classic hip hop choreography!<\/p>\n<ul class=\"wp-block-list\">\n<li><strong>To attend, participants must be registered.<\/strong><\/li>\n<li><strong>This event is appropriate for children ages 7-11.<\/strong><\/li>\n<\/ul>\n<p>The Hip-Hop Dance Class with Brooklyn Music School is part of Council Member Crystal Hudson&#8217;s District 35 Summer Youth Series.<\/p>\n<hr class=\"wp-block-separator has-alpha-channel-opacity\" \/>\n<p><strong>Hip-Hop Dance Class with Creative Outlet<\/strong><\/p>\n<p><em>Friday, August 25, 3-5pm; 138 South Oxford Street, Studio G<\/em><\/p>\n<p>RSVP: <a href=\"https:\/\/www.eventbrite.com\/e\/hip-hop-dance-class-with-creative-outlet-a-summer-youth-series-event-tickets-673135726077\" target=\"_blank\" rel=\"noreferrer noopener\">https:\/\/www.eventbrite.com\/e\/hip-hop-dance-class-with-creative-outlet-a-summer-youth-series-event-tickets-673135726077<\/a><\/p>\n<p>Jamel Gaines, founder and artistic director of&nbsp;<a href=\"https:\/\/www.creativeoutlet.org\/\" target=\"_blank\" rel=\"noreferrer noopener\">Creative Outlet<\/a>, has dedicated his life to delivering artistic excellence and stirring soaring performances to audiences everywhere. With more than 22 years of teaching and choreographing experience, Jamel seeks to inspire, motivate, and nurture dancers and artists of all kinds. Under his leadership, Creative Outlet has set itself apart as a highly acclaimed performing arts organization with a proven record in training the next generation of professional dancers and artists.&nbsp;<strong>This Hip-Hop Dance Class will be taught by two teaching artists who will review the basics of Hip-Hop as well as incorporate fun TikTok dances to inspire and motivate our young neighbors.<\/strong><\/p>\n<ul class=\"wp-block-list\">\n<li><strong>To attend, participants must be registered.<\/strong><\/li>\n<li><strong>This event is appropriate for children ages 10+.<\/strong><\/li>\n<\/ul>\n<hr class=\"wp-block-separator has-alpha-channel-opacity\" \/>\n<p><strong>Skate Clinic at Golconda Park Brooklyn Skate Garden, Pansy Skate &amp; Greater Direction<\/strong><\/p>\n<p><em>Saturday, August 26, 11am-3pm; Golconda Playground<\/em><\/p>\n<p>RSVP: <a href=\"https:\/\/www.eventbrite.com\/e\/skateboard-clinic-with-bk-skate-garden-pansy-skate-greater-direction-tickets-673248513427\" target=\"_blank\" rel=\"noreferrer noopener\">https:\/\/www.eventbrite.com\/e\/skateboard-clinic-with-bk-skate-garden-pansy-skate-greater-direction-tickets-673248513427<\/a><\/p>\n<p>We&#8217;re teaming up with&nbsp;Brooklyn Skate Garden,&nbsp;Pansy Skate, and Greater Direction to organize a one-of-a-kind skateboard clinic at Golconda Skate Park!&nbsp;The Skate Clinic will provide guided skate lessons to participants of all ages and abilities! Participants will be supplied with NEW skateboards and equipment to take home (while supplies last). There will be music, food, exciting raffles, and a skills showcase featuring local skateboarders and clinic participants!<\/p>\n<p><em><strong>*Our skateboard supply is limited and meant for folks who do NOT own their own equipment.*<\/strong><\/em><\/p>\n<p>Participants who own a skateboard and helmet are welcome to participate.&nbsp;If you or the youth you are registering own their own equipment and wish to join the clinic, please email Alejandro Gonzalez from Council Member Hudson&#8217;s team at algonzalez@council.nyc.gov. Do NOT register via this Eventbrite.<\/p>\n<ul class=\"wp-block-list\">\n<li><strong>To attend, participants must be registered (if you own your equipment, please email Alejandro at the email provided above).<\/strong><\/li>\n<li><strong>This event is appropriate for children ages 5-18.<\/strong><\/li>\n<\/ul>\n<hr class=\"wp-block-separator has-alpha-channel-opacity\" \/>\n<p><strong>Back-to-School Fair with the New York Liberty<\/strong><\/p>\n<p><em>Friday, September 1; 3-4pm; Barclays Center<\/em> <em>(620 Atlantic Avenue)<\/em><\/p>\n<p>RSVP: <a href=\"https:\/\/www.eventbrite.com\/e\/back-to-school-fair-with-the-new-york-liberty-a-summer-youth-series-event-tickets-673342203657?aff=oddtdtcreator\" target=\"_blank\" rel=\"noreferrer noopener\">https:\/\/www.eventbrite.com\/e\/back-to-school-fair-with-the-new-york-liberty-a-summer-youth-series-event-tickets-673342203657<\/a><\/p>\n<p>To close out our Summer Youth Series we&#8217;re hosting a Back-to-School Fair Giveaway at the Barclays Center with The New York Liberty! Get ready for the school year with new school supplies, and celebrate the end of summer with a FREE admittance to that evening&#8217;s Liberty game!&nbsp;<strong>(First 150 registrants will receive tickets!)<\/strong><\/p>\n<ul class=\"wp-block-list\">\n<li><strong>This event is intended for youth ages 4-18.<\/strong><\/li>\n<li><strong>To attend, you must be registered<\/strong><\/li>\n<\/ul>\n<hr class=\"wp-block-separator has-alpha-channel-opacity\" \/>\n<p><strong>Fort Greene Park Conservancy x The Lion&#8217;s Tooth Project<\/strong><\/p>\n<p><em>Wednesday, September 6; 3:30-5pm; Fort Greene Park<\/em><\/p>\n<p>RSVP: <a rel=\"noreferrer noopener\" href=\"https:\/\/www.eventbrite.com\/e\/fort-greene-park-x-lions-tooth-project-a-summer-youth-series-event-tickets-673214812627\" target=\"_blank\">https:\/\/www.eventbrite.com\/e\/fort-greene-park-x-lions-tooth-project-a-summer-youth-series-event-tickets-673214812627<\/a><\/p>\n<p>The&nbsp;<a rel=\"noreferrer noopener\" href=\"https:\/\/www.fortgreenepark.org\/\" target=\"_blank\">Fort Greene Park Conservancy<\/a>&nbsp;is partnering with the&nbsp;<a rel=\"noreferrer noopener\" href=\"https:\/\/www.lionstoothproject.org\/\" target=\"_blank\">Lion\u2019s Tooth Project<\/a>&nbsp;for our Summer Youth Series!&nbsp;<a rel=\"noreferrer noopener\" href=\"https:\/\/www.lionstoothproject.org\/\" target=\"_blank\">Lion\u2019s Tooth Project<strong>&nbsp;<\/strong><\/a>is a community project in service of LGBTQIA+, Immigrant, Black \/ Indigenous, and POC youth. Join Lion&#8217;s Tooth Project and youth from Fort Greene Park to participate in a scavenger hunt that examines the relationship between plants and art. Join the in the fun and learn more about nature and art!<\/p>\n<ul class=\"wp-block-list\">\n<li><strong>To attend, participants must be registered.<\/strong><\/li>\n<li><strong>This event is appropriate for children ages 13-18.<\/strong><\/li>\n<\/ul>\n","protected":false},"excerpt":{"rendered":"<p><strong><em>Our 2023 Summer Youth Series has ended. Check back here next year for our 2024 events!<\/em><\/strong><\/p>\n<p>Last summer, the Office of Council Member Hudson launched our inaugural Summer Youth Series for young people across District 35. With the closure of the Madison Square Boys and Girls Club Navy Yard Club House, we teamed up with organizations and institutions across the District to host diverse youth programming every Friday throughout the summer.<\/p>\n<p>&#8230;<\/p>\n<p><strong><small><a href=\"https:\/\/council.nyc.gov\/crystal-hudson\/youth\/\">READ MORE<\/a><\/small><\/strong><\/p>\n","protected":false},"author":218,"featured_media":0,"parent":0,"menu_order":0,"comment_status":"closed","ping_status":"closed","template":"","meta":{"footnotes":""},"class_list":["post-298","page","type-page","status-publish","hentry"],"_links":{"self":[{"href":"https:\/\/council.nyc.gov\/crystal-hudson\/wp-json\/wp\/v2\/pages\/298","targetHints":{"allow":["GET"]}}],"collection":[{"href":"https:\/\/council.nyc.gov\/crystal-hudson\/wp-json\/wp\/v2\/pages"}],"about":[{"href":"https:\/\/council.nyc.gov\/crystal-hudson\/wp-json\/wp\/v2\/types\/page"}],"author":[{"embeddable":true,"href":"https:\/\/council.nyc.gov\/crystal-hudson\/wp-json\/wp\/v2\/users\/218"}],"replies":[{"embeddable":true,"href":"https:\/\/council.nyc.gov\/crystal-hudson\/wp-json\/wp\/v2\/comments?post=298"}],"version-history":[{"count":0,"href":"https:\/\/council.nyc.gov\/crystal-hudson\/wp-json\/wp\/v2\/pages\/298\/revisions"}],"wp:attachment":[{"href":"https:\/\/council.nyc.gov\/crystal-hudson\/wp-json\/wp\/v2\/media?parent=298"}],"curies":[{"name":"wp","href":"https:\/\/api.w.org\/{rel}","templated":true}]}}